 y(k) = -k - 5. Let w(n) = -5*r(n) - 6*y(n). Calculate w(q).
10
Let b(s) = -4*s**3 - 4*s**2 + 6*s + 12. Let i(u) = u**3 - u**2 + u - 1. Let f(a) = b(a) + 3*i(a). Determine f(-8).
1
Suppose -2*l + 4*l = -5*t + 4, 6 = -2*l. Let a(z) = 5*z**2 + 2 + 0*z**2 - 1. Let v(n) = -14*n**2 - 2. Let c(g) = 8*a(g) + 3*v(g). Give c(t).
-6
Let d be (44/(-33))/(4/6). Let c(j) = -j**2 - 4*j. What is c(d)?
4
Suppose 0 = -4*g + 2*b, -4*g + g + 2*b - 2 = 0. Let u be ((-4)/5)/(g/(-15)). Let f(d) = -d**3 + 7*d**2 - 6*d + 1. Calculate f(u).
1
Let p = 277 + -1657/6. Let j(b) be the third derivative of 0*b + 0 - 1/20*b**5 - 1/4*b**4 + 2*b**2 + 1/120*b**6 + p*b**3. What is j(4)?
-3
Let s be (8/(-2))/(-4)*-12. Let i be (18/s)/((-1)/2). Let n(j) = -j + 3. What is n(i)?
0
Suppose -5 - 3 = -2*q. Suppose 0 = -9*l + q*l. Let a(z) = z**3 - z**2 - z - 2. Give a(l).
-2
Let n(k) = 2*k - 4. Let a(j) be the second derivative of -j**3/2 + 5*j**2/2 + 3*j. Let z(g) = 3*a(g) + 4*n(g). What is z(6)?
-7
Let o(h) = 3 - 1 - 1 - 4*h - 2*h. What is o(-1)?
7
Let n(x) = x**2 + x - 4. Let d(u) be the second derivative of u**3/6 + 2*u**2 - u. Let i be d(-7). Calculate n(i).
2
Let m = 8 - 4. Let k(v) = 3 + 344*v - 347*v + 2 + 1. Determine k(m).
-6
Let u(q) = 9*q + 3*q - q**2 - 12*q - 1. What is u(-2)?
-5
Let i(d) = d. Suppose 4 = -4*o + 16. Give i(o).
3
Let n(q) = -q**2 - 3*q + 6. Let i(s) = -s**2 - 2*s + 3. Let x be i(-3). Suppose 4*j + 0 + 20 = x. What is n(j)?
-4
Let g(l) = -l. Suppose -50 = 5*f + 2*r, -4*f + f + r - 30 = 0. What is g(f)?
10
Suppose 0 = -2*v - 5*y + 26 - 9, y - 5 = -2*v. Let u(r) = -5*r**2 - r. Determine u(v).
-6
Let y be (-2)/5 - 76/10. Suppose -6 - 18 = 2*h. Let c = y - h. Let z(m) = 2*m - 1. Determine z(c).
7
Let h(p) = 16*p - 51. Let d(y) = 3*y - 10. Let b(g) = -11*d(g) + 2*h(g). Let x = -10 + 16. Calculate b(x).
2
Let a = 0 - -2. Let t be (-5 + a - -1)/1. Let y(n) = -4*n + 4*n + 2*n. Calculate y(t).
-4
Suppose 5*j = 2*j + 15. Let u(x) be the first derivative of -x**4/4 + 2*x**3 - 7*x**2/2 + 7*x + 10. Calculate u(j).
-3
Let y(z) be the first derivative of 2 + 0*z - 1/24*z**4 - 1/3*z**3 - z**2. Let a(l) be the second derivative of y(l). Calculate a(-1).
-1
Let f = -5 + 7. Let a(p) = 4*p - 1. Determine a(f).
7
Let a(z) = -5*z**2 - 9*z - 14. Let f(n) = -7 - 3*n**2 + 0*n**2 - 4*n - n. Let o(h) = -4*a(h) + 7*f(h). Give o(0).
7
Let u(x) = x**2 + 5*x. Suppose -2*v - 4*g = 20, -g = 4*v + 22 - 3. What is u(v)?
-4
Let g(p) = 4*p + p**3 + 1 - 3*p + 1 + 4*p**2. Give g(-4).
-2
Let j(i) = -4*i - 2. Let m(l) = 0*l - 5 - l + 3. Let x be m(-6). Suppose -q = -3*q - x. Give j(q).
6
Let x(p) = -p**2 + 4*p + 2. Let w(z) = -z**2 - 3*z - 2. Let g be w(-2). Suppose g = 4*n - 4*h - 12 - 8, 2*n + 2*h = 10. What is x(n)?
-3
Let r(t) = -1. Let o(b) = -b**2 - b + 2. Let g(p) = -o(p) - 3*r(p). Let y be g(-2). Let m(w) = -4 + 4 - y + w. Give m(-3).
-6
Let c(u) = -u + 2. Let o be c(-2). Let s(l) = l + 1. Let d(g) = -3*g - 7. Suppose -12*p + 13*p = 1. Let t(v) = o*s(v) + p*d(v). What is t(4)?
1
Let q(p) be the first derivative of -1 - 1/2*p**2 + 9*p. What is q(6)?
3
Let t(v) be the third derivative of -v**4/4 - v**3/6 - v**2 - 27. Suppose 0*a + 4 = -4*a. What is t(a)?
5
Let o(q) = q + 4. Let l(d) = -1. Let r(w) = 2*l(w) - o(w). Determine r(7).
-13
Let u(g) = 11 + 0*g**3 - 6*g - 2*g**3 + g**2 + 3*g**3 + 7*g. Let x = 4 - 2. Suppose -1 - 3 = 3*p + z, z + 4 = x*p. Give u(p).
11
Let w(x) = -x**3 - 4 + 4*x - 5*x**2 + 0*x**2 - 2*x + 10. Calculate w(-5).
-4
Let m(s) = -s + 1. Let b(y) = -y**3 + 2*y**2 + 5*y. Let d(f) = -b(f) - 4*m(f). Calculate d(3).
2
Let q = -10 - 9. Let l = q - -15. Let k(o) be the second derivative of o**3/3 + 3*o**2/2 - o. Calculate k(l).
-5
Let d(o) = -456*o**2 - 1 + 6*o + 227*o**2 + 228*o**2. Suppose 0 = 2*u - 3*u + 4. Give d(u).
7
Let l(c) = -c**2 + c + 6. Suppose -4*r + r - 24 = 0. Let z = -8 - r. What is l(z)?
6
Let l = -36 + 42. Let q(c) = c**2 - 5*c. Determine q(l).
6
Let a = -29 + 32. Let p(d) = -d**2 + 6*d - 4. Determine p(a).
5
Let l(v) = -v**2 - 6*v + 5. Suppose 4*r = b + 4*b - 39, 3*b - 33 = 4*r. Determine l(r).
5
Let p = -4 + 5. Let t be 0 + p + 2*-3. Let b(l) = l**2 + 5*l + 3. Calculate b(t).
3
Let d(f) be the third derivative of -4*f**5/15 + f**4/24 + f**3/6 + 15*f**2. What is d(-1)?
-16
Let a = 3 - 5. Let h be (0/(3 + a))/1. Let s(j) = j. Let b be s(h). Let x(l) = -l**2 - l - 4. Determine x(b).
-4
Let o(d) = d**2 - d - 3. Let p be o(0). Let j(f) be the first derivative of 1 + f**2 - 2*f + 1/3*f**3. Determine j(p).
1
Let b(f) = 5*f**2 + 2*f + 1. Let i = 31 - 32. Calculate b(i).
4
Let a(x) be the third derivative of -x**4/24 - x**3/3 - 6*x**2. Give a(3).
-5
Let b(o) be the second derivative of -o**3/3 - 21*o. Let y(x) = x**3 - x**2 + 4. Let u be y(0). What is b(u)?
-8
Suppose b = -3*b + 20. Suppose -m - 4 = -b*m - 5*c, -4*m = 2*c + 8. Let q(n) = 6 + 3*n + 2*n - 2*n. Determine q(m).
-6
Let n(z) be the second derivative of z**6/180 - z**5/60 + z**4/6 - 2*z. Let j(y) be the third derivative of n(y). Determine j(2).
6
Let p(z) = z - 13. Suppose -6 = -4*h - 2*f, 4*f = 3*h - h + 12. Determine p(h).
-13
Let i(q) = q. Let p(r) = -4*r**3 + 7*r**2 + 2*r - 7. Let c(d) = 6*d**3 - 11*d**2 - 3*d + 11. Let a(o) = -5*c(o) - 8*p(o). Let t be a(1). What is i(t)?
1
Let n(w) = 3*w**2 - 4*w - 2. Let t(s) = 13*s**2 - 15*s - 8. Let z(m) = -9*n(m) + 2*t(m). Determine z(6).
2
Let n be ((-9)/(-12))/(2/(-8)). Let u(m) = 5*m**2 + 5*m - 7. Let s be 3*((-2)/6 - 1). Let y(o) = 3*o**2 + 3*o - 4. Let l(i) = s*u(i) + 7*y(i). What is l(n)?
6
Let c(y) be the first derivative of -y**3/3 - 2*y**2 - 3*y + 4. What is c(-4)?
-3
Suppose -3*s - 4*a = -s - 12, 0 = -4*s - a + 3. Let q(v) = v**2 - 5*v - 1. Let x be q(4). Let j be s/(-1 + 0) + x. Let z(p) = p**2 + 3*p - 3. Calculate z(j).
7
Let r(u) = 7*u**2 + 7*u + 7. Let z(a) = 20*a**2 + 20*a + 22. Let s(k) = -17*r(k) + 6*z(k). What is s(0)?
13
Let o(h) = h + 8. Let i(x) = -x**2 + 8*x - 4. Let w be i(6). Suppose 0*c + 4*r - w = 4*c, 5*c = r - 18. Calculate o(c).
4
Suppose 2*g - 4*q - 20 = 0, -2*g - 10 = -6*g + 2*q. Let k(f) = -3*f - 18. Let v(w) = -10 - w - w + 1. Let i(b) = 3*k(b) - 5*v(b). What is i(g)?
-9
Suppose 2*z + 8 = 3*z. Suppose -l - z = 3*l. Let o(x) = -3*x**2 - x. Calculate o(l).
-10
Let y(d) = 4 + 2*d + d**2 - 3*d + 5*d. Let w be (-5)/((-15)/(-24)) + 4. Give y(w).
4
Let p(a) = 1. Let f(w) = -8*w - 2. Let n(u) = -f(u) - p(u). Give n(1).
9
Let h(a) = a + 9. Suppose 4*c - 11 = -3*z + 21, -2*c = 5*z - 30. Let d(y) = -y**3 + 9*y**2 - 7*y - 6. Let w be d(8). Suppose -c*g + w*g = 0. What is h(g)?
9
Let y(k) = 4*k**3 + 6*k**2 - 4. Let n(b) = -7*b**3 - 11*b**2 + 7. Let a(u) = -3*n(u) - 5*y(u). Let g(c) = -2*c + 3. Let p be g(2). Calculate a(p).
1
Let g(q) = -q**2 - 4*q + 4. Let v(o) = -1. Let t(r) = g(r) - 2*v(r). What is t(-5)?
1
Let x(c) = -3*c - 19. Let l(y) = -4*y - 29. Let r(s) = 5*l(s) - 7*x(s). Let g be r(11). Let j = -4 - g. Let v(u) = -u + 1. What is v(j)?
4
Let l = -18 + 11. Let y(m) = m + 3. What is y(l)?
-4
Suppose -5*l + 6 = -3*k - 11, k - 9 = -2*l. Suppose -3*x + l*x - 11 = 0. Suppose 3*v + 22 = -2*p, -v + 5*p + x = -10. Let n(j) = -2*j - 1. Calculate n(v).
7
Let o(y) be the first derivative of -y**5/120 + y**4/6 - 2*y**3/3 - 2. Let c(w) be the third derivative of o(w). What is c(-6)?
10
Suppose 3*o = -19 + 13. Let r(j) = j**3 + j**2 - 2. Give r(o).
-6
Let p(j) = -j**2 - 5*j + 6. Let y(z) = z**3 + 3*z**2 - 2*z - 2. Let x be y(-3). Let o = x - 10. Let t be ((-3)/4)/(o/(-48)). Give p(t).
0
Let w = -9 - -9. Let x(u) = -u**2 - u - 8. Determine x(w).
-8
Let k be 0/((0 - 1)*2). Let q = 1 + k. Let w(u) = -u**2 + 2*u - 1. Calculate w(q).
0
Let y(s) = 3*s + 30 - 29 - 2*s. Give y(-4).
-3
Let i = 161 - 158. Let k(y) be the second derivative of -1/2*y**i - y + 1/2*y**2 + 0. Determine k(1).
-2
Let p = -4 + 1. Let h(g) = -9*g**2 - 9. Let c be (-4)/(-14) - 204/28. Let f(a) = 4*a**2 + 4. Let w(k) = c*f(k) + p*h(k). Calculate w(1).
-2
Let c(p) = 3*p**2 + 4*p - 2. Let j(x) = -3*x**2 - 5*x + 2. Let f(t) = -3*c(t) - 2*j(t). Let g be (-1)/(((-1)/(-5))/(-1)). Let w be 1*g/(5/(-2)). What is f(w)?
-6
Let h(z) = z - 9. Suppose 0 = 3*u + 3*d, 2*u = -2*d + 3*d - 9. Let l = 1 - u. Calculate h(l).
-5
Let o(l) = 7*l**2 + l + 2. Let b(g) = -8*g**2 - g - 3. Let p(f) = -2*b(f) - 3*o